))*-10. Let o be 5*8*(-10)/(-4). Suppose 0*u + o = d*u. List the prime factors of u.
2, 5
Let b(w) = -10*w + 1. Suppose 0 = -5*f - 0 + 25. Suppose -f*j - 2 - 18 = 0. List the prime factors of b(j).
41
Let s be -2 - 1 - 828/4. Let n = -129 - s. What are the prime factors of n?
3
List the prime factors of (4 - 0)/(-8 + 171/21).
2, 7
Suppose -6 = 4*v - 18. What are the prime factors of (-1)/((v + 1)/(-284))?
71
Suppose 0 = -x + y + 197, 5*x = 3*y + y + 982. What are the prime factors of x?
2, 97
Let u be 78/36*(-1 + 7). Suppose 3*b = 0, -v + u = -3*b - 38. What are the prime factors of v?
3, 17
List the prime factors of -79*2*((-1881)/(-22))/(-19).
3, 79
Let o(w) = -w + 2. Let v be o(-6). Suppose -3*x + v*x = 10. Suppose -4*b = -x*k - 2*k + 8, -4*k + 23 = b. What are the prime factors of b?
3
Let s(g) = 72*g - 55. List the prime factors of s(12).
809
What are the prime factors of (-30820)/(-16) - 5/(-120)*-6?
2, 3, 107
Suppose -3*p - 87 = -3*h + 2*p, 4*p = -5*h + 108. Suppose -h*d + 973 = -17*d. List the prime factors of d.
139
Let f(j) = 4*j**3 + 9*j**2 - 16. Let h(i) = -i**3 + 1. Let m(y) = f(y) + 3*h(y). Let a be m(-9). Let k = 47 - a. List the prime factors of k.
2, 3, 5
Let x = -8 + 19. Suppose -r + x = -2. What are the prime factors of r?
13
Let v = 19 - -65. Suppose 3*s - v = 2*g, 4*g = -3*s + 73 - 7. List the prime factors of s.
2, 13
What are the prime factors of (-30)/20*(-3832)/21*7?
2, 479
Let k be 75/((-2)/(1 - 3)). Suppose -k = -i - 4*i. Let l = i + 9. List the prime factors of l.
2, 3
Suppose -5*z + 736 = 2*m - 1835, -2064 = -4*z - 4*m. List the prime factors of z.
3, 19
Let g(x) = -7*x**3 - 12*x**2 - 19*x + 18. Let m(w) = 3*w**3 + 6*w**2 + 10*w - 9. Let d(v) = 4*g(v) + 9*m(v). List the prime factors of d(6).
3, 5
Let o = 55 - 33. Suppose 2*j - o = -2*g + 4*g, j + 2*g = 26. List the prime factors of j.
2
Let z be (-12)/4 - 4*-2. Suppose z*t - t - 140 = 0. List the prime factors of t.
5, 7
Let a = -2368 - -3924. What are the prime factors of a?
2, 389
Let a be (28/(-6))/((-36)/54). Suppose a + 5 = 4*p. Suppose p*l + 4*w = 97, -5*l + 250 = -5*w + 65. What are the prime factors of l?
5, 7
Let m = -18 - -25. Suppose h = -m*h + 744. What are the prime factors of h?
3, 31
Let v(f) = f**3 - 3*f**2 + 2. Let a be v(3). Let k = 763 - 749. Suppose 3*q + a*i - k = 2*q, i = q - 26. What are the prime factors of q?
2, 11
Let a(g) be the second derivative of -g**5/20 - g**4/2 - g**3/3 + 3*g**2/2 - 16*g. Suppose -3*j - 30 = 2*j. List the prime factors of a(j).
3, 5
What are the prime factors of (13845/156)/((-1)/(-4))?
5, 71
Let r = 5430 - 1920. What are the prime factors of r?
2, 3, 5, 13
Let o be (-28)/(-6) + ((-1)/(-3) - 0). Suppose -o*v = -6*v + 239. What are the prime factors of v?
239
Let f be (-4)/(-22) + (-5760)/(-22) + 7. Let b = f - 164. What are the prime factors of b?
3, 5, 7
Suppose -8*k = -62 - 66. List the prime factors of k.
2
Let t = 4892 - 738. What are the prime factors of t?
2, 31, 67
Suppose -4*h - 26 = -q, -q + 3*h + 11 = 2*h. Suppose -2 + q = 2*w. Suppose w*p = -2*p + 56. What are the prime factors of p?
2, 7
Let v = 330 - 248. List the prime factors of v.
2, 41
What are the prime factors of (1/5 + 0)/((-4)/(-15940))?
797
Let j(p) = 5*p**2 + 4*p + 3. Suppose 2*x = 6*x - a - 12, -a - 4 = 0. Suppose -2*g - x = -g. What are the prime factors of j(g)?
3, 5
Let c(a) be the first derivative of a**3/3 - 13*a**2/2 + 14*a + 6. Let u be c(12). Suppose -59 = -u*f + 23. List the prime factors of f.
41
Suppose 29*s - 7350 = 22*s. What are the prime factors of s?
2, 3, 5, 7
Let o(p) = -p**2 + 27*p + 13. Suppose -5*l + 80 = 4*h, 2*l + 0*l - 83 = -5*h. What are the prime factors of o(h)?
193
Let q(z) = 2*z**3 - 9*z**2 - 6*z + 7. Suppose -5*y + 8*y = 18. List the prime factors of q(y).
79
Suppose -503*m + 509*m - 4524 = 0. List the prime factors of m.
2, 13, 29
Suppose -9*y + 4*y - h + 3675 = 0, 0 = y - 2*h - 724. What are the prime factors of y?
2, 367
Let f(q) = -q**2 + 4*q + 14. Let j be f(6). Suppose 0 = j*w - 4*x - 612, -3*w + 139 = 2*x - 779. List the prime factors of w.
2, 3, 17
Let s = 307 - -316. What are the prime factors of s?
7, 89
Let g = -32 + 60. Suppose -2*u - g = -x + 3, 4 = -2*u. Suppose 0 = -p + 2*p - x. What are the prime factors of p?
3
Let p(q) = -8*q + 23. Let i(o) = 23*o - 68. Let r(z) = -3*i(z) - 8*p(z). What are the prime factors of r(-5)?
3, 5
Let h(n) = 18*n**3 + 15*n - 12. List the prime factors of h(5).
3, 257
Let y = -22 - -21. List the prime factors of ((-728)/(y - 3))/(-2 - -3).
2, 7, 13
Suppose -4 = 5*o + 6, -d - 2*o = -535. What are the prime factors of d?
7, 11
Let m(a) = -a**3 - 7*a**2 - 9*a - 4. List the prime factors of m(-10).
2, 193
Let j(r) = -r**3 + 14*r**2 + 6*r + 9. List the prime factors of j(7).
2, 197
Let b = 405 + -307. List the prime factors of b.
2, 7
Let d = 3 - 5. Let w be -1 - -3 - (0 - d). Suppose -5*h - r + 125 = -w*h, -3*h + 5*r + 47 = 0. List the prime factors of h.
2, 3
Let d = 548 + 579. List the prime factors of d.
7, 23
Let j be (0 - 1) + (2 - -2). Let b(i) = 43*i. What are the prime factors of b(j)?
3, 43
Let s(v) = -v**3 - 2*v**2 + 3*v + 2. Let c(b) = b. Let l(y) = 4*c(y) - s(y). What are the prime factors of l(2)?
2
What are the prime factors of (0 + -12)/(-6 - -8) + 1561?
5, 311
Let f(m) be the second derivative of m**5/120 + m**4/24 + m**3/3 - 3*m. Let y(s) be the second derivative of f(s). What are the prime factors of y(5)?
2, 3
List the prime factors of ((-275)/20 + (-2)/(-4))*-124.
31, 53
Suppose 3*l = -0*l + 1431. Let v be (-2)/3*l/(-6). Let z = 91 - v. What are the prime factors of z?
2, 19
Suppose 0*y + 4 = y. Suppose -21 = -y*d + 507. Suppose d = -u + 5*u. What are the prime factors of u?
3, 11
Let a = -313 - -738. List the prime factors of a.
5, 17
Let n(u) be the second derivative of -u**5/20 + 5*u**4/12 + u**3 + 2*u**2 + 2*u. Let k be n(6). Suppose -k*p + 112 = -8. What are the prime factors of p?
2, 3, 5
Let m(l) = 65*l - 86. List the prime factors of m(14).
2, 103
Let l(f) = 124 + 0*f - 121 + 16*f. What are the prime factors of l(1)?
19
Let s = -47 - -51. Suppose g = -3*g + s*k + 256, -4*g + 288 = 4*k. List the prime factors of g.
2, 17
Let i(y) = -y**3 - 6*y**2 - 6*y - 4. Let p be i(-6). Let l be ((-23)/(-3))/((-6)/18). Let k = l + p. List the prime factors of k.
3
Let n(l) = -l**3 - 7*l**2 + 10*l + 20. Let q be n(-8). Suppose q*h = -5*h + 306. List the prime factors of h.
2, 17
Let a = 22 + -17. Suppose -k - 68 = -4*k - q, 0 = a*k + q - 116. Let s = 2 + k. What are the prime factors of s?
2, 13
Suppose w = 1, 3*v + w - 193 = -v. Suppose -24 - v = -3*m. What are the prime factors of m?
2, 3
Let p = -1011 + 1499. List the prime factors of p.
2, 61
Let w(l) = -2*l**3 + 6 + 5*l - 3*l**2 + 0*l**3 + 2*l**3 - l**3. Let q be w(-4). List the prime factors of 6/12 + 27/q.
2, 7
Let k(n) = 87 + 0*n - 52 - 5*n. List the prime factors of k(0).
5, 7
Let t = -55 - -49. List the prime factors of (5 + t)*214/(2 - 4).
107
Let y(n) = -n**3 + 6*n**2 - 3*n + 1. Let c(g) = 0 - 1 - g**3 - 10*g**2 - 5 - g - 2. Let t be c(-10). What are the prime factors of y(t)?
11
List the prime factors of -6 - -1 - (-357 + -13).
5, 73
Let l(k) = k**3 + 7*k**2 + k + 7. Let z be l(-7). List the prime factors of ((-633)/2 - z)*(-8)/12.
211
Suppose 2*x + 1 = 9. Suppose s + 4*s - 2*k = -40, -2*s = -x*k + 16. Let t(m) = m**3 + 9*m**2 + 5*m - 2. List the prime factors of t(s).
2, 11
Suppose -u + 2 + 3 = 0. Suppose -f = -0*b + 4*b - 35, -4*b = u*f - 127. Suppose -f*s - 120 = -25*s. List the prime factors of s.
2, 3, 5
Suppose 39 = 3*h - 3*g, 5*g = -3 - 7. What are the prime factors of h?
11
Suppose 0 = q - 7 + 3. Let l(s) = 6*s**2 - 7*s - 5. What are the prime factors of l(q)?
3, 7
What are the prime factors of (-10)/15*-3 - -285?
7, 41
Let t(c) = -1 + 0 - 14*c - 1 + 6. List the prime factors of t(-3).
2, 23
Suppose b = -5*r + 3065, -8*r + 3090 = -3*r - 4*b. List the prime factors of r.
2, 307
Let x(l) be the third derivative of -7*l**6/40 + l**5/60 + l**4/12 + l**3/3 + 15*l**2. What are the prime factors of x(-1)?
2, 11
Let z = -14 - -22. Suppose z*t = -3*l + 3*t + 130, -4*l + 156 = -2*t. Suppose -5*v - 190 = -5*s, -3*v + v - l = -s. List the prime factors of s.
2, 3
Let j be (6 - 5)*(-1 + 4). Suppose 